 -16*i. Calculate the highest common divisor of 69 and i.
69
Let c = 14 + -9. Suppose c*m = 829 - 109. Calculate the greatest common factor of m and 36.
36
Let b be ((-28)/56)/((-2)/16). Suppose -b*y = -5*y + s + 42, 5*y - 216 = 2*s. Calculate the greatest common factor of 132 and y.
44
Let g be (1 - 8)*(-4)/3*3. Suppose 2*x - 4 = 2. Suppose -s + 56 = x*s. What is the highest common divisor of g and s?
14
Suppose 25*w - 28*w = 3. Let b be (16 - (w - -2))*(-2)/(-5). Suppose 17 + 169 = 3*o + 4*f, 4*o + 5*f - 249 = 0. Calculate the greatest common factor of o and b.
6
Suppose 0 = -t + 3*t - 34. Suppose t*w = 10*w + 168. Calculate the highest common factor of w and 48.
24
Let k be (-20)/15 - (-1)/3. Let z = 7 + k. Suppose 0 = -3*g + z*g - 36. What is the highest common divisor of 6 and g?
6
Suppose 4*h - 160 = -4*r, -5*r + 2*h = -132 - 33. What is the greatest common divisor of 15 and r?
5
Let i(w) = -5*w - 6 + 0*w - 9 + 4. Let a be i(-5). What is the greatest common factor of 98 and a?
14
Let i be 4/(-14) - 191048/(-308). What is the highest common divisor of i and 20?
20
Let k(q) = 3*q**2 + 3*q - 4. Let u(a) = -2*a**2 - 2*a + 3. Let b(f) = 3*k(f) + 4*u(f). Let v be b(3). Calculate the greatest common divisor of 48 and v.
12
Suppose 0 = -3*q - 5*s + 11, 21 = -2*s + 11. What is the greatest common factor of q and 852?
12
Let i = 4 - 0. Suppose 2*n - j = i*j + 1060, n = -5*j + 530. Let x be 6/(-12) + n/4. Calculate the highest common divisor of 12 and x.
12
Let d(g) = -17. Let y(z) = z + 34. Let f(v) = -13*d(v) - 6*y(v). Let o be f(7). Let l be 142/10 + 5/o. Calculate the highest common factor of 70 and l.
14
Let k be 32/2*18/4. Let u = 113 - k. Let o = u - 26. Calculate the highest common factor of o and 30.
15
Let j = 287 - 279. What is the highest common factor of j and 84?
4
Let h = 10 - 10. Let z = h - -3. Suppose 0 = 5*v - 7 - z. Calculate the greatest common divisor of v and 18.
2
Let l = 360 - 342. What is the highest common factor of 78 and l?
6
Let v(x) = 3*x - 4. Let l be v(6). Let t be (-4)/(-10)*(l - -36). Calculate the greatest common factor of 50 and t.
10
Let w(d) = -d**3 + d**2 - 8*d**2 + 0 - 7*d - 3. Let t be w(-6). Suppose -m = 4*b - 6, -14 = -t*b - b - 5*m. Calculate the greatest common factor of b and 10.
1
Let a be 24/(-108) - 794/(-9). Suppose 2*i - a = -0*i. Calculate the highest common divisor of i and 33.
11
Suppose 7*o - 644 = 5*o. What is the highest common divisor of o and 28?
14
Let z(x) = x**3 - 8*x**2 + 4*x + 7. Let d be z(8). Suppose 7*o - 10*o + d = 0. Calculate the greatest common divisor of o and 91.
13
Let z(l) = -l**2 - l + 534. Let g = -11 + 11. Let s be z(g). Let r be 1/(-4) + s/24. Calculate the highest common divisor of 33 and r.
11
Suppose 261 = r - 130. Calculate the greatest common divisor of 23 and r.
23
Let b = -926 + 989. Calculate the highest common factor of b and 28.
7
Let c = 41 - 11. What is the highest common factor of 240 and c?
30
Suppose l + 1808 = 3*x, x + 2*l - 598 = 7*l. What is the greatest common divisor of x and 67?
67
Let j(a) = -3*a**3 + 32*a**2 + 4*a - 18. Let r be j(10). What is the greatest common factor of r and 6?
6
Suppose 434*c = 429*c + 5. Calculate the greatest common factor of c and 181.
1
Let p(w) = w**3 - 18*w**2 + 36*w - 36. Let h be p(16). Suppose 70 = 3*a - 2*a. What is the greatest common divisor of a and h?
14
Let c(g) = -5*g + 32. Let a be c(7). Let l be ((-161)/21)/(1/a). Calculate the highest common factor of l and 184.
23
Let s = -589 - -88. Let z be s/(-5) - (-1)/(-5). Calculate the greatest common divisor of z and 40.
20
Let t be 16/(-256)*0 + (154 - 1). Calculate the highest common factor of t and 442.
17
Let x = -29 - -32. Let n be (306/12)/((-6)/(-8)). Suppose g = x*g - n. Calculate the greatest common factor of 85 and g.
17
Let q = -77 + 53. Suppose -5*c + 39 = -4*c. Let z = c + q. Calculate the highest common divisor of 45 and z.
15
Let h be (-2 - 1) + (-1640)/(-5). Calculate the highest common divisor of h and 25.
25
Suppose -137 + 766 = 17*g. What is the highest common factor of g and 1?
1
Suppose -14*t + 9*t + 1360 = 0. Calculate the greatest common divisor of t and 8.
8
Suppose 2*m - 2*k = 2950 - 480, 5*k = m - 1215. Calculate the greatest common divisor of 40 and m.
40
Let s be 6/9*45/6. Suppose s*y + 42 = 2*h + y, 5*h - 2*y = 65. What is the highest common divisor of 121 and h?
11
Let w be (-3209)/3 + 9/(162/12). Let a be 8/36 - w/9. What is the greatest common factor of a and 34?
17
Let o = 89 + -56. Suppose 8 = -4*n, i + n - 2 = 7. What is the greatest common factor of o and i?
11
Let u be -1*((-4)/(-4) + -2)*2. What is the greatest common factor of u and 14?
2
Suppose -2*i + 990 = -0*i. What is the greatest common divisor of 33 and i?
33
Let a be -8*(-18)/48 + 41. Calculate the highest common divisor of a and 902.
22
Let q be -4 - (2/1 - 84). Suppose 2*t - 3*a = 122 + 60, -t - 5*a + q = 0. What is the greatest common divisor of 8 and t?
8
Let i(u) = -3*u**3 + 5*u**2 - u + 7. Let h be i(2). What is the highest common factor of h and 49?
1
Let a(c) = -c**3 - 11*c**2 - 34*c - 2. Let r be a(-5). Calculate the greatest common factor of r and 171.
9
Let s be (-2 - (-1 - 6)) + 0/(-10). Suppose s*f = -b - 12, -3*f - 12 = -0*f. Calculate the highest common divisor of b and 64.
8
Let z be (-2)/13 + (-24)/13. Let u = z - -25. Calculate the greatest common divisor of 138 and u.
23
Suppose -8 = -w - 2. Suppose -5*y - 14 = -7*y. Suppose 5*i + y + 13 = 0, g + 2*i - 7 = 0. What is the greatest common divisor of g and w?
3
Suppose -15*n - n = -7392. What is the highest common factor of n and 126?
42
Let o(m) = 62*m**2 + 3*m - 2. Let x(f) = 62*f**2 + 2*f - 3. Let w(j) = -2*o(j) + 3*x(j). Let t be w(-2). Calculate the highest common factor of 27 and t.
27
Suppose 2*c + 10 - 26 = 0. Calculate the greatest common divisor of 40 and c.
8
Let t = -11 + 27. Let f be 12/(t/6 - 2). Suppose -22*n = -16*n - 72. What is the greatest common factor of f and n?
6
Let n(i) = -i**2 + 47. Suppose 0*u = -4*u. Let y be n(u). Let l = y + -26. Calculate the greatest common factor of l and 21.
21
Let t be 24 - (1 - 3/(-1)). What is the highest common factor of t and 30?
10
Let h = -39 + 19. Let o be ((-8)/h)/(3/15). Suppose -4 - 2 = -2*k, -4*k = 4*l - 20. Calculate the greatest common factor of l and o.
2
Let y(f) = -f**2 - 9*f - 9. Let z be (-17 - -4) + (1 - -3). Let q be y(z). Let v be -3*q/(9/10). Calculate the greatest common divisor of 10 and v.
10
Suppose 0 = 4*c - 196 + 52. Suppose -2*v + 3*v = 0. Suppose 4 = z + h, v = h + h + 10. What is the highest common divisor of c and z?
9
Let j(n) = -n**2 + 7*n + 299. Let r be j(-14). Suppose 2*w + o = -3*w + 13, 4*w + 7 = 5*o. Calculate the highest common factor of r and w.
1
Suppose -4*q + 2*y = 3*y - 183, 3*q - 150 = -5*y. Calculate the greatest common factor of q and 150.
15
Let i be (-237)/(-21) + 6/(-21). Let n = i + -9. Suppose n*t + 5*m = 263, -2*m = -3*m - 5. What is the highest common divisor of t and 16?
16
Suppose -g + 7 = -48. Suppose 27 - 243 = -6*d. Suppose 4*w - d = 4*o, -2*w - 4*o = 2*w - 4. Calculate the highest common divisor of w and g.
5
Suppose 5*p + 2*y - 70 = 3*y, 3*y = 15. Suppose 5*l = -0*l + 4*s + 142, -3*s = -3*l + 84. Calculate the highest common divisor of p and l.
15
Suppose -4*q - 472 = -5*y, q = 2*y - 2*q - 186. What is the greatest common factor of y and 240?
48
Suppose 10*k - 2010 = -1950. Let h = 0 - 3. Let z(o) = -2*o**3 - 4*o. Let l be z(h). What is the highest common factor of l and k?
6
Suppose -4*l = -l - 75. Suppose -3*c + l = 4. Let f(r) = -r**3 - 3*r**2 + r + 4. Let b be f(-3). Calculate the greatest common divisor of c and b.
1
Let d(r) = 2*r + 105 - 3*r + 5. Let y be d(0). Let s(p) = p**2 + 26*p + 10. Let t be s(-26). Calculate the greatest common divisor of t and y.
10
Let g be (7 - 2)*42/35 - -219. What is the highest common factor of 180 and g?
45
Suppose s - g = 11, 0 = -5*s - g - 3*g + 10. Let t = -6 + s. Suppose j - 164 + 56 = t. Calculate the highest common divisor of 12 and j.
12
Let i = 20 + -18. Suppose i*v = -2*g + 18, g - 22 = -g - v. What is the greatest common divisor of g and 1?
1
Let s(g) = -1 - 14*g + 20 - 11 + 0*g. Let o be s(-3). Suppose 2*r + 2*r = -3*c + 363, -256 = -2*